
1
What is the ten millions digit of 104533718?
0
What is the units digit of 171595847?
7
What is the millions digit of 23990549?
3
What is the thousands digit of 1499596598?
6
What is the ten millions digit of 1190797659?
9
What is the ten thousands digit of 54942311?
4
What is the ten thousands digit of 83676043?
7
What is the units digit of 261110722?
2
What is the hundreds digit of 15890415?
4
What is the ten thousands digit of 673452457?
5
What is the ten thousands digit of 553531822?
3
What is the hundred millions digit of 314253441?
3
What is the ten millions digit of 2813867717?
1
What is the tens digit of 23988975?
7
What is the millions digit of 1054476449?
4
What is the ten thousands digit of 295852764?
5
What is the hundreds digit of 3457935208?
2
What is the ten thousands digit of 100889585?
8
What is the thousands digit of 86497866?
7
What is the tens digit of 66626103?
0
What is the hundred thousands digit of 3578133369?
1
What is the units digit of 3480395195?
5
What is the units digit of 92298341?
1
What is the ten millions digit of 3942625939?
4
What is the thousands digit of 502495762?
5
What is the billions digit of 1726644728?
1
What is the ten millions digit of 820633364?
2
What is the units digit of 1845006826?
6
What is the thousands digit of 306060091?
0
What is the hundred millions digit of 2247286242?
2
What is the units digit of 17565522?
2
What is the thousands digit of 109144545?
4
What is the thousands digit of 310797461?
7
What is the thousands digit of 823481651?
1
What is the hundreds digit of 278247450?
4
What is the ten thousands digit of 2108556584?
5
What is the ten thousands digit of 933128458?
2
What is the hundreds digit of 66911421?
4
What is the units digit of 3058678312?
2
What is the millions digit of 1471460746?
1
What is the hundred millions digit of 1458472601?
4
What is the thousands digit of 48307920?
7
What is the tens digit of 546189518?
1
What is the millions digit of 918550352?
8
What is the millions digit of 1141967684?
1
What is the thousands digit of 34055870?
5
What is the ten millions digit of 2686331492?
8
What is the hundreds digit of 26608616?
6
What is the ten millions digit of 61516437?
6
What is the hundreds digit of 559876356?
3
What is the millions digit of 1260971955?
0
What is the thousands digit of 5057253?
7
What is the hundred millions digit of 1762726010?
7
What is the hundred thousands digit of 50234906?
2
What is the ten thousands digit of 2366339580?
3
What is the hundreds digit of 177041951?
9
What is the units digit of 9568839?
9
What is the hundred thousands digit of 239613873?
6
What is the ten thousands digit of 53922882?
2
What is the billions digit of 7259004290?
7
What is the millions digit of 482030824?
2
What is the hundred millions digit of 2186183936?
1
What is the ten millions digit of 508980925?
0
What is the units digit of 22295007?
7
What is the hundreds digit of 1846933247?
2
What is the hundred millions digit of 1096567021?
0
What is the hundred thousands digit of 31501608?
5
What is the ten thousands digit of 59983000?
8
What is the billions digit of 1012983958?
1
What is the hundreds digit of 61626941?
9
What is the tens digit of 40155090?
9
What is the millions digit of 454705650?
4
What is the millions digit of 2097618308?
7
What is the hundreds digit of 782315850?
8
What is the tens digit of 45431348?
4
What is the ten thousands digit of 22325974?
2
What is the hundreds digit of 69935908?
9
What is the thousands digit of 294389658?
9
What is the ten thousands digit of 77184324?
8
What is the ten millions digit of 115500006?
1
What is the ten millions digit of 339107132?
3
What is the thousands digit of 2355521077?
1
What is the ten millions digit of 3012076780?
1
What is the ten millions digit of 210207992?
1
What is the hundred thousands digit of 949121803?
1
What is the tens digit of 185586653?
5
What is the millions digit of 137948691?
7
What is the hundred thousands digit of 911188761?
1
What is the tens digit of 1597705720?
2
What is the hundred thousands digit of 1156331456?
3
What is the units digit of 82461458?
8
What is the units digit of 205624396?
6
What is the millions digit of 54467807?
4
What is the hundred thousands digit of 87079390?
0
What is the hundred thousands digit of 42131658?
1
What is the ten thousands digit of 387496129?
9
What is the hundreds digit of 199028894?
8
What is the ten thousands digit of 2339460642?
6
What is the thousands digit of 1418152463?
2
What is the tens digit of 2683880?
8
What is the thousands digit of 122226278?
6
What is the ten thousands digit of 134871235?
7
What is the thousands digit of 4015908415?
8
What is the hundred millions digit of 1175199504?
1
What is the millions digit of 473188561?
3
What is the hundred millions digit of 271522965?
2
What is the tens digit of 47422166?
6
What is the ten millions digit of 42344327?
4
What is the units digit of 1008021647?
7
What is the hundred thousands digit of 754381089?
3
What is the units digit of 1635925764?
4
What is the millions digit of 84066440?
4
What is the millions digit of 52636356?
2
What is the thousands digit of 43444613?
4
What is the tens digit of 19802466?
6
What is the millions digit of 460376911?
0
What is the hundred thousands digit of 165235175?
2
What is the millions digit of 705894102?
5
What is the tens digit of 37344297?
9
What is the hundreds digit of 1691738319?
3
What is the thousands digit of 1306878758?
8
What is the hundreds digit of 21799315?
3
What is the ten thousands digit of 912039997?
3
What is the units digit of 34900524?
4
What is the thousands digit of 25499677?
9
What is the hundred millions digit of 2253027098?
2
What is the hundred thousands digit of 748243215?
2
What is the hundreds digit of 322371306?
3
What is the millions digit of 96277226?
6
What is the ten millions digit of 2875998863?
7
What is the ten millions digit of 35632441?
3
What is the billions digit of 1223819972?
1
What is the hundreds digit of 110643693?
6
What is the millions digit of 2131053?
2
What is the hundred thousands digit of 1187746241?
7
What is the millions digit of 1719567922?
9
What is the hundreds digit of 248350447?
4
What is the hundred thousands digit of 74586320?
5
What is the units digit of 14952305?
5
What is the ten millions digit of 1583512585?
8
What is the hundred millions digit of 202218941?
2
What is the millions digit of 41306046?
1
What is the ten millions digit of 588587856?
8
What is the ten millions digit of 388541277?
8
What is the ten millions digit of 245384445?
4
What is the units digit of 9016530031?
1
What is the millions digit of 815923560?
5
What is the thousands digit of 99449612?
9
What is the units digit of 105359423?
3
What is the millions digit of 87608856?
7
What is the millions digit of 43481513?
3
What is the ten thousands digit of 58684481?
8
What is the ten thousands digit of 4111224827?
2
What is the units digit of 34665078?
8
What is the ten thousands digit of 20371028?
7
What is the tens digit of 2033779086?
8
What is the tens digit of 75610032?
3
What is the ten thousands digit of 60855362?
5
What is the millions digit of 3979132422?
9
What is the thousands digit of 1443189563?
9
What is the units digit of 1360634239?
9
What is the billions digit of 3980753638?
3
What is the hundred thousands digit of 85466070?
4
What is the hundreds digit of 864060221?
2
What is the ten thousands digit of 393318178?
1
What is the millions digit of 1933680219?
3
What is the units digit of 478773166?
6
What is the ten thousands digit of 2062694093?
9
What is the millions digit of 384988109?
4
What is the ten thousands digit of 21301157?
0
What is the hundred millions digit of 193560987?
1
What is the tens digit of 1706392129?
2
What is the billions digit of 4756785418?
4
What is the ten millions digit of 91183178?
9
What is the units digit of 108192872?
2
What is the ten thousands digit of 915768042?
6
What is the hundred thousands digit of 5694172?
6
What is the ten millions digit of 1578687343?
7
What is the ten millions digit of 75284366?
7
What is the tens digit of 2685914666?
6
What is the millions digit of 215037494?
5
What is the hundred millions digit of 2538827884?
5
What is the hundreds di